actor of 708 and 534156.
12
What is the greatest common divisor of 5469072 and 1066?
82
Calculate the highest common factor of 20835237 and 70053.
3687
Calculate the greatest common divisor of 20454095 and 335.
335
What is the highest common factor of 621211 and 10325?
59
What is the greatest common factor of 17105521 and 9873?
1097
What is the greatest common divisor of 10577 and 1651523?
1511
Calculate the greatest common factor of 5648370 and 295230.
390
Calculate the greatest common divisor of 904011 and 8556456.
1623
What is the greatest common factor of 3367089 and 3888?
81
What is the greatest common factor of 546 and 19138509?
39
What is the greatest common factor of 847 and 27725819?
121
Calculate the highest common factor of 29448 and 5317.
409
Calculate the highest common divisor of 1001 and 437911782.
77
Calculate the greatest common divisor of 16 and 723576000.
16
Calculate the highest common factor of 18338197 and 54842.
1613
What is the greatest common divisor of 31580 and 54410?
10
What is the greatest common factor of 298494 and 37782?
18
What is the greatest common factor of 17646 and 930048?
1038
Calculate the highest common factor of 95347 and 234641.
257
What is the highest common factor of 1260 and 12133620?
180
Calculate the highest common factor of 15480 and 10526228.
172
Calculate the highest common divisor of 32660 and 658880.
1420
Calculate the highest common factor of 3790491 and 1968.
123
Calculate the highest common factor of 84154 and 46543.
7
Calculate the greatest common divisor of 360584 and 12669760.
1096
What is the greatest common factor of 11063 and 1310540?
851
What is the highest common factor of 1757619 and 528009?
7233
What is the greatest common divisor of 13325 and 3548345?
205
What is the greatest common divisor of 16438175 and 9139?
481
What is the greatest common factor of 44151861 and 183?
183
Calculate the greatest common factor of 549414 and 788096.
262
Calculate the greatest common factor of 5909170 and 10.
10
What is the highest common divisor of 25492152 and 70?
14
Calculate the greatest common factor of 29407 and 53704.
7
Calculate the highest common divisor of 26015580 and 27945.
1215
Calculate the highest common factor of 44517 and 748011.
627
Calculate the greatest common factor of 78 and 4628546.
26
Calculate the greatest common factor of 1838 and 21768353.
919
What is the greatest common factor of 5956382 and 194?
194
What is the highest common factor of 767 and 781001?
13
Calculate the highest common factor of 3650 and 61501916.
146
What is the highest common factor of 108 and 57084192?
36
Calculate the highest common divisor of 256261 and 366.
61
Calculate the highest common divisor of 3414092 and 5456.
1364
Calculate the greatest common factor of 130 and 834490.
10
Calculate the highest common divisor of 33867720 and 480.
120
Calculate the highest common factor of 444565 and 1791240.
3245
What is the greatest common factor of 31025 and 39200?
25
Calculate the highest common divisor of 55 and 212913525.
55
What is the highest common factor of 21303303 and 36092?
9023
What is the highest common factor of 53 and 18239685?
53
What is the greatest common divisor of 486693 and 127240?
3181
What is the highest common divisor of 185022 and 315457?
19
Calculate the highest common divisor of 1180899090 and 35.
35
What is the highest common factor of 15785 and 12369665?
385
What is the highest common factor of 12622978 and 188?
94
What is the greatest common factor of 34340281 and 62?
31
What is the highest common divisor of 3572965 and 440?
55
What is the highest common divisor of 12166239 and 175800?
879
Calculate the greatest common factor of 1571918 and 601462.
178
What is the greatest common divisor of 182729 and 202652?
29
What is the highest common divisor of 1585 and 771780880?
1585
Calculate the greatest common factor of 1323 and 12537966.
21
What is the highest common factor of 3060 and 33748230?
510
Calculate the greatest common divisor of 491685 and 300.
15
What is the greatest common factor of 1412 and 2134591?
353
What is the highest common divisor of 177747 and 14499?
537
What is the highest common factor of 6525 and 3819735?
1305
What is the highest common factor of 20628 and 1766394?
54
Calculate the highest common divisor of 92047 and 268378.
1109
Calculate the highest common divisor of 7677496 and 35096.
328
Calculate the highest common factor of 772842 and 15806.
14
Calculate the greatest common divisor of 121550 and 903006.
442
Calculate the highest common divisor of 2575 and 3087837.
103
Calculate the greatest common factor of 152 and 90656543.
19
What is the greatest common factor of 4401185 and 54085?
145
Calculate the highest common factor of 282 and 67335168.
6
What is the highest common divisor of 1445640 and 15358?
14
Calculate the greatest common divisor of 317334099 and 1687.
241
What is the highest common factor of 294169990 and 35?
5
Calculate the greatest common divisor of 60704 and 2433851.
1897
Calculate the highest common divisor of 36679176 and 36.
36
Calculate the highest common divisor of 736025040 and 15.
15
Calculate the greatest common divisor of 11118 and 1645636329.
5559
Calculate the greatest common factor of 596919 and 7995.
123
What is the highest common divisor of 1079405532 and 60?
12
What is the highest common divisor of 234684 and 2591541?
1431
Calculate the highest common divisor of 2299531122 and 2898.
2898
Calculate the highest common divisor of 654 and 937752.
6
Calculate the highest common divisor of 2718170 and 6202.
14
What is the greatest common divisor of 151469853 and 2367?
789
Calculate the highest common factor of 34736 and 74826688.
2672
Calculate the highest common divisor of 22873158 and 1512.
378
Calculate the greatest common divisor of 149761101 and 189.
21
What is the highest common factor of 1848 and 87877713?
231
Calculate the greatest common factor of 23373595 and 70.
35
Calculate the highest common factor of 297 and 7316661.
33
What is the highest common divisor of 23751 and 10579374?
3393
Calculate the highest common factor of 23911704 and 14464.
904
What is the highest common divisor of 40767 and 47625?
381
What is the highest common factor of 13959 and 163053?
297
What is the greatest common factor of 493 and 33796408?
17
Calculate the greatest common factor of 3464695 and 25285.
65
Calculate the greatest common factor of 4777 and 5493244.
17
What is the greatest common divisor of 3926 and 66488773?
1963
Calculate the highest common divisor of 760435053 and 651.
651
What is the highest common divisor of 957 and 106073781?
33
What is the highest common factor of 8589 and 3275612697?
8589
What is the highest common divisor of 37167 and 3342171?
2859
What is the highest common divisor of 379651 and 1387483?
857
What is the greatest common factor of 96726 and 471?
3
What is the greatest common divisor of 14 and 268154187?
7
What is the highest common divisor of 80 and 11947160?
40
What is the greatest common divisor of 57468142 and 82?
82
What is the greatest common factor of 575 and 10368675?
25
Calculate the highest common factor of 84529905 and 1845.
615
What is the greatest common divisor of 2265 and 36843?
3
What is the highest common divisor of 2192 and 122256334?
274
Calculate the greatest common divisor of 8372 and 11571392.
644
Calculate the highest common factor of 102080 and 10580.
20
Calculate the highest common factor of 2080 and 1868620.
260
What is the highest common divisor of 73343 and 50617?
1033
What is the highest common factor of 25090 and 5496530?
130
What is the greatest common factor of 6 and 178871442?
6
Calculate the greatest common divisor of 2 and 803989.
1
Calculate the highest common divisor of 49705296 and 48.
48
Calculate the highest common divisor of 3842410 and 2190.
10
What is the highest common divisor of 300024 and 5618968?
3704
Calculate the highest common factor of 307722877 and 24535.
4907
Calculate the highest common factor of 1074 and 63967440.
1074
Calculate the highest common factor of 21814536 and 11016.
408
Calculate the greatest common factor of 185 and 106870.
5
Calculate the greatest common factor of 4828078 and 21728.
194
What is the highest common divisor of 7181936 a